{"id":1432,"date":"2017-11-22T14:55:56","date_gmt":"2017-11-22T12:55:56","guid":{"rendered":"http:\/\/blogit.terve.fi\/idaiholla\/wp-content\/uploads\/sites\/5\/2017\/11\/ma-tykkaan-susta.jpg"},"modified":"2017-11-22T14:56:21","modified_gmt":"2017-11-22T12:56:21","slug":"processed-with-vsco-with-s2-preset","status":"inherit","type":"attachment","link":"https:\/\/blogit.terve.fi\/idaiholla\/ma-tykkaan-susta\/processed-with-vsco-with-s2-preset\/","title":{"rendered":"m\u00e4 tykk\u00e4\u00e4n susta"},"author":10,"comment_status":"open","ping_status":"closed","template":"","meta":[],"acf":[],"description":{"rendered":"<p class=\"attachment\"><a rel=\"nofollow\" href='https:\/\/blogit-cdn.a-lehdet.fi\/uploads\/sites\/67\/2017\/11\/ma-tykkaan-susta-e1511355501586.jpg'><img loading=\"lazy\" width=\"225\" height=\"300\" src=\"https:\/\/blogit-cdn.a-lehdet.fi\/uploads\/sites\/67\/2017\/11\/ma-tykkaan-susta-225x300.jpg\" class=\"attachment-medium size-medium\" alt=\"\" decoding=\"async\" srcset=\"https:\/\/blogit-cdn.a-lehdet.fi\/uploads\/sites\/67\/2017\/11\/ma-tykkaan-susta-225x300.jpg 225w, https:\/\/blogit-cdn.a-lehdet.fi\/uploads\/sites\/67\/2017\/11\/ma-tykkaan-susta-768x1024.jpg 768w, https:\/\/blogit-cdn.a-lehdet.fi\/uploads\/sites\/67\/2017\/11\/ma-tykkaan-susta-e1511355501586.jpg 550w\" sizes=\"(max-width: 225px) 100vw, 225px\" \/><\/a><\/p>\n"},"caption":{"rendered":""},"alt_text":"","media_type":"image","mime_type":"image\/jpeg","media_details":{"width":550,"height":733,"file":"2017\/11\/ma-tykkaan-susta-e1511355501586.jpg","sizes":{"thumbnail":{"file":"ma-tykkaan-susta-150x150.jpg","width":150,"height":150,"mime_type":"image\/jpeg","source_url":"https:\/\/blogit-cdn.a-lehdet.fi\/uploads\/sites\/67\/2017\/11\/ma-tykkaan-susta-150x150.jpg"},"medium":{"file":"ma-tykkaan-susta-225x300.jpg","width":225,"height":300,"mime_type":"image\/jpeg","source_url":"https:\/\/blogit-cdn.a-lehdet.fi\/uploads\/sites\/67\/2017\/11\/ma-tykkaan-susta-225x300.jpg"},"medium_large":{"file":"ma-tykkaan-susta-768x1024.jpg","width":768,"height":1024,"mime_type":"image\/jpeg","source_url":"https:\/\/blogit-cdn.a-lehdet.fi\/uploads\/sites\/67\/2017\/11\/ma-tykkaan-susta-768x1024.jpg"},"large":{"file":"ma-tykkaan-susta-768x1024.jpg","width":768,"height":1024,"mime_type":"image\/jpeg","source_url":"https:\/\/blogit-cdn.a-lehdet.fi\/uploads\/sites\/67\/2017\/11\/ma-tykkaan-susta-768x1024.jpg"},"full":{"file":"ma-tykkaan-susta-e1511355501586.jpg","width":550,"height":733,"mime_type":"image\/jpeg","source_url":"https:\/\/blogit-cdn.a-lehdet.fi\/uploads\/sites\/67\/2017\/11\/ma-tykkaan-susta-e1511355501586.jpg"}},"image_meta":{"aperture":"4.5","credit":"","camera":"E-PL7","caption":"Processed with VSCO with s2 preset","created_timestamp":"1508081793","copyright":"Copyright 2017. All rights reserved.","focal_length":"14","iso":"200","shutter_speed":"0.003125","title":"Processed with VSCO with s2 preset","orientation":"1","keywords":[]}},"post":1431,"source_url":"https:\/\/blogit-cdn.a-lehdet.fi\/uploads\/sites\/67\/2017\/11\/ma-tykkaan-susta-e1511355501586.jpg","_links":{"self":[{"href":"https:\/\/blogit.terve.fi\/idaiholla\/api\/wp\/v2\/media\/1432"}],"collection":[{"href":"https:\/\/blogit.terve.fi\/idaiholla\/api\/wp\/v2\/media"}],"about":[{"href":"https:\/\/blogit.terve.fi\/idaiholla\/api\/wp\/v2\/types\/attachment"}],"author":[{"embeddable":true,"href":"https:\/\/blogit.terve.fi\/idaiholla\/api\/wp\/v2\/users\/10"}],"replies":[{"embeddable":true,"href":"https:\/\/blogit.terve.fi\/idaiholla\/api\/wp\/v2\/comments?post=1432"}]}}

mä tykkään susta
